{"id":9440,"date":"2024-10-24T21:42:12","date_gmt":"2024-10-24T19:42:12","guid":{"rendered":"https:\/\/www.ffwschwebheim.de\/?page_id=9440"},"modified":"2025-04-15T22:11:51","modified_gmt":"2025-04-15T20:11:51","slug":"jubilaeum","status":"publish","type":"page","link":"https:\/\/www.ffwschwebheim.de\/?page_id=9440","title":{"rendered":"Jubil\u00e4um"},"content":{"rendered":"\n<p>150 J\u00e4hriges Jubil\u00e4um und Einweihung des neuen Feuerwehrhauses<\/p>\n\n\n\n<p>01.05.2025 &#8211; 03.05.2025<\/p>\n\n\n\n<figure class=\"wp-block-image size-large\"><img decoding=\"async\" loading=\"lazy\" width=\"1024\" height=\"532\" src=\"https:\/\/www.ffwschwebheim.de\/wp-content\/uploads\/2025\/01\/Banner-Flyer-150-jahre-1024x532.png\" alt=\"\" class=\"wp-image-9472\" srcset=\"https:\/\/www.ffwschwebheim.de\/wp-content\/uploads\/2025\/01\/Banner-Flyer-150-jahre-1024x532.png 1024w, https:\/\/www.ffwschwebheim.de\/wp-content\/uploads\/2025\/01\/Banner-Flyer-150-jahre-300x156.png 300w, https:\/\/www.ffwschwebheim.de\/wp-content\/uploads\/2025\/01\/Banner-Flyer-150-jahre-768x399.png 768w, https:\/\/www.ffwschwebheim.de\/wp-content\/uploads\/2025\/01\/Banner-Flyer-150-jahre-500x260.png 500w, https:\/\/www.ffwschwebheim.de\/wp-content\/uploads\/2025\/01\/Banner-Flyer-150-jahre.png 1187w\" sizes=\"(max-width: 1024px) 100vw, 1024px\" \/><\/figure>\n\n\n\n<figure class=\"wp-block-image size-large\"><img decoding=\"async\" loading=\"lazy\" width=\"1024\" height=\"523\" src=\"https:\/\/www.ffwschwebheim.de\/wp-content\/uploads\/2025\/01\/Termine-Fyler-150-Jahre-1024x523.png\" alt=\"\" class=\"wp-image-9474\" srcset=\"https:\/\/www.ffwschwebheim.de\/wp-content\/uploads\/2025\/01\/Termine-Fyler-150-Jahre-1024x523.png 1024w, https:\/\/www.ffwschwebheim.de\/wp-content\/uploads\/2025\/01\/Termine-Fyler-150-Jahre-300x153.png 300w, https:\/\/www.ffwschwebheim.de\/wp-content\/uploads\/2025\/01\/Termine-Fyler-150-Jahre-768x392.png 768w, https:\/\/www.ffwschwebheim.de\/wp-content\/uploads\/2025\/01\/Termine-Fyler-150-Jahre-500x255.png 500w, https:\/\/www.ffwschwebheim.de\/wp-content\/uploads\/2025\/01\/Termine-Fyler-150-Jahre.png 1200w\" sizes=\"(max-width: 1024px) 100vw, 1024px\" \/><\/figure>\n\n\n\n<figure class=\"wp-block-image size-large\"><img decoding=\"async\" loading=\"lazy\" width=\"1024\" height=\"724\" src=\"https:\/\/www.ffwschwebheim.de\/wp-content\/uploads\/2025\/04\/dj-jordan-x-mike-1024x724.png\" alt=\"\" class=\"wp-image-9496\" srcset=\"https:\/\/www.ffwschwebheim.de\/wp-content\/uploads\/2025\/04\/dj-jordan-x-mike-1024x724.png 1024w, https:\/\/www.ffwschwebheim.de\/wp-content\/uploads\/2025\/04\/dj-jordan-x-mike-300x212.png 300w, https:\/\/www.ffwschwebheim.de\/wp-content\/uploads\/2025\/04\/dj-jordan-x-mike-768x543.png 768w, https:\/\/www.ffwschwebheim.de\/wp-content\/uploads\/2025\/04\/dj-jordan-x-mike-425x300.png 425w, https:\/\/www.ffwschwebheim.de\/wp-content\/uploads\/2025\/04\/dj-jordan-x-mike.png 1200w\" sizes=\"(max-width: 1024px) 100vw, 1024px\" \/><\/figure>\n\n\n\n<figure class=\"wp-block-image size-full is-resized\"><img decoding=\"async\" loading=\"lazy\" src=\"https:\/\/www.ffwschwebheim.de\/wp-content\/uploads\/2025\/04\/frankenraeuber-logo.png\" alt=\"\" class=\"wp-image-9494\" width=\"525\" height=\"410\" srcset=\"https:\/\/www.ffwschwebheim.de\/wp-content\/uploads\/2025\/04\/frankenraeuber-logo.png 908w, https:\/\/www.ffwschwebheim.de\/wp-content\/uploads\/2025\/04\/frankenraeuber-logo-300x234.png 300w, https:\/\/www.ffwschwebheim.de\/wp-content\/uploads\/2025\/04\/frankenraeuber-logo-768x598.png 768w, https:\/\/www.ffwschwebheim.de\/wp-content\/uploads\/2025\/04\/frankenraeuber-logo-385x300.png 385w\" sizes=\"(max-width: 525px) 100vw, 525px\" \/><\/figure>\n\n\n\n<figure class=\"wp-block-image size-full is-resized\"><img decoding=\"async\" loading=\"lazy\" src=\"https:\/\/www.ffwschwebheim.de\/wp-content\/uploads\/2025\/04\/overdrive-logo.png\" alt=\"\" class=\"wp-image-9495\" width=\"517\" height=\"337\" srcset=\"https:\/\/www.ffwschwebheim.de\/wp-content\/uploads\/2025\/04\/overdrive-logo.png 852w, https:\/\/www.ffwschwebheim.de\/wp-content\/uploads\/2025\/04\/overdrive-logo-300x196.png 300w, https:\/\/www.ffwschwebheim.de\/wp-content\/uploads\/2025\/04\/overdrive-logo-768x501.png 768w, https:\/\/www.ffwschwebheim.de\/wp-content\/uploads\/2025\/04\/overdrive-logo-460x300.png 460w\" sizes=\"(max-width: 517px) 100vw, 517px\" \/><\/figure>\n\n\n<p style=\"text-align: left;\">Anl\u00e4sslich unseres 150-J\u00e4hrigen Jubil\u00e4ums veranstalten wir ein <strong>abwechslungsreiches<\/strong> <strong>Festwochenende<\/strong> im Festzelt mit spannenden Programmpunkten<strong> f\u00fcr die ganze Familie<\/strong>!<\/p>\n<p style=\"text-align: left;\">Wir starten am Donnerstag um 16 Uhr mit unsrem Festbetrieb. F\u00fcr ausreichend Spei\u00df und Trank ist dort bereits bestens gesorgt. Weiter geht es am Abend mit einem Auftritt des <strong>DJ Mike<\/strong> und DJ Jordan in unserem Festzelt um 21 Uhr, welche euch bis um 02 Uhr das Tanzbein schwingen lassen.<\/p>\n<p style=\"text-align: left;\">Am Freitag beginnt der Festbetrieb um 18 Uhr und m\u00fcndet als Highlight mit einem <strong>Auftritt der &#8222;Frankenr\u00e4uber&#8220;<\/strong> bei uns im Festzelt wetterunabh\u00e4ngig um 20 Uhr! Passend dazu k\u00f6nnt ihr in unserer Bar hinter der B\u00fchne mit sowohl alkoholischen, als auch alkoholfreien feurigen Getr\u00e4nken perfekt in das erste Maiwochenende starten.<\/p>\n<p style=\"text-align: left;\">Der Samstag beginnt mit einem gro\u00dfen Festumzug um 14.30 Uhr durch Schwebheim, welcher am Festgel\u00e4nde m\u00fcnden wird. Anschlie\u00dfend beginnen wir unser Wochenende mit dem traditionellen Festakt, einem <strong>vielf\u00e4ltigen Kinderprogramm<\/strong>, gestaltet durch die Jugendfeuerwehr. Ebenso gibt es auf dem Gel\u00e4nde eine gro\u00dfe <strong>Fahrzeugausstellung<\/strong> vieler Hilfsorganisationen, st\u00fcndliche <strong>F\u00fchrungen durch das neue Feuerwehrger\u00e4tehaus<\/strong> und nat\u00fcrlich Essen, Trinken und Musik. Das Ende unseres Festes wird durch die musikalische Unterhaltung der Band <strong>&#8222;Overdrive&#8220;<\/strong> ab 20 Uhr eingeleitet, welche euch mit rockigen Songs, guter Stimmung und viel Party das Fest in sehr guter Erinnerung behalten lassen \ud83d\ude09\u00a0<\/p>\n<p style=\"text-align: left;\">Am Sonntag l\u00e4sst unser Pfarrer Tobias W\u00f6lfel das Festwochenende mit einem Gottesdienst am neuen Feuerwehrhaus um 10.30Uhr ausklingen und weiht das neue Feuerwehrhaus ein. F\u00fcr die Gottesdienstbesucher gibt es im Anschluss ein Wei\u00dfwurstfr\u00fchst\u00fcck.<\/p>\n<p style=\"text-align: center;\"><strong>Wir freuen uns auf euch!<\/strong><\/p>\n\n\n<div class=\"is-layout-constrained wp-block-group\"><div class=\"wp-block-group__inner-container\"><\/div><\/div>\n\n\n\n<figure class=\"wp-block-image\"><img alt=\"\"\/><\/figure>\n\n\n\n<figure class=\"wp-block-image\"><img alt=\"\"\/><\/figure>\n\n\n\n<figure class=\"wp-block-image\"><img alt=\"\"\/><\/figure>\n\n\n\n<figure class=\"wp-block-image\"><img alt=\"\"\/><\/figure>\n\n\n\n<figure class=\"wp-block-image\"><img alt=\"\"\/><\/figure>\n\n\n\n<figure class=\"wp-block-image\"><img alt=\"\"\/><\/figure>\n","protected":false},"excerpt":{"rendered":"<p>150 J\u00e4hriges Jubil\u00e4um und Einweihung des neuen Feuerwehrhauses 01.05.2025 &#8211; 03.05.2025 Anl\u00e4sslich unseres 150-J\u00e4hrigen Jubil\u00e4ums veranstalten wir ein abwechslungsreiches Festwochenende im Festzelt mit spannenden Programmpunkten f\u00fcr die ganze Familie! Wir starten am Donnerstag um 16 Uhr mit unsrem Festbetrieb. F\u00fcr &hellip; <a href=\"https:\/\/www.ffwschwebheim.de\/?page_id=9440\">Weiterlesen <span class=\"meta-nav\">&rarr;<\/span><\/a><\/p>\n","protected":false},"author":3,"featured_media":0,"parent":0,"menu_order":0,"comment_status":"closed","ping_status":"closed","template":"","meta":[],"_links":{"self":[{"href":"https:\/\/www.ffwschwebheim.de\/index.php?rest_route=\/wp\/v2\/pages\/9440"}],"collection":[{"href":"https:\/\/www.ffwschwebheim.de\/index.php?rest_route=\/wp\/v2\/pages"}],"about":[{"href":"https:\/\/www.ffwschwebheim.de\/index.php?rest_route=\/wp\/v2\/types\/page"}],"author":[{"embeddable":true,"href":"https:\/\/www.ffwschwebheim.de\/index.php?rest_route=\/wp\/v2\/users\/3"}],"replies":[{"embeddable":true,"href":"https:\/\/www.ffwschwebheim.de\/index.php?rest_route=%2Fwp%2Fv2%2Fcomments&post=9440"}],"version-history":[{"count":12,"href":"https:\/\/www.ffwschwebheim.de\/index.php?rest_route=\/wp\/v2\/pages\/9440\/revisions"}],"predecessor-version":[{"id":9499,"href":"https:\/\/www.ffwschwebheim.de\/index.php?rest_route=\/wp\/v2\/pages\/9440\/revisions\/9499"}],"wp:attachment":[{"href":"https:\/\/www.ffwschwebheim.de\/index.php?rest_route=%2Fwp%2Fv2%2Fmedia&parent=9440"}],"curies":[{"name":"wp","href":"https:\/\/api.w.org\/{rel}","templated":true}]}}

Jubiläum

<p>150 Jähriges Jubiläum und Einweihung des neuen Feuerwehrhauses</p>



<p>01.05.2025 &#8211; 03.05.2025</p>



<figure class="wp-block-image size-large"><img decoding="async" loading="lazy" width="1024" height="532" src="https://www.ffwschwebheim.de/wp-content/uploads/2025/01/Banner-Flyer-150-jahre-1024x532.png" alt="" class="wp-image-9472" srcset="https://www.ffwschwebheim.de/wp-content/uploads/2025/01/Banner-Flyer-150-jahre-1024x532.png 1024w, https://www.ffwschwebheim.de/wp-content/uploads/2025/01/Banner-Flyer-150-jahre-300x156.png 300w, https://www.ffwschwebheim.de/wp-content/uploads/2025/01/Banner-Flyer-150-jahre-768x399.png 768w, https://www.ffwschwebheim.de/wp-content/uploads/2025/01/Banner-Flyer-150-jahre-500x260.png 500w, https://www.ffwschwebheim.de/wp-content/uploads/2025/01/Banner-Flyer-150-jahre.png 1187w" sizes="(max-width: 1024px) 100vw, 1024px" /></figure>



<figure class="wp-block-image size-large"><img decoding="async" loading="lazy" width="1024" height="523" src="https://www.ffwschwebheim.de/wp-content/uploads/2025/01/Termine-Fyler-150-Jahre-1024x523.png" alt="" class="wp-image-9474" srcset="https://www.ffwschwebheim.de/wp-content/uploads/2025/01/Termine-Fyler-150-Jahre-1024x523.png 1024w, https://www.ffwschwebheim.de/wp-content/uploads/2025/01/Termine-Fyler-150-Jahre-300x153.png 300w, https://www.ffwschwebheim.de/wp-content/uploads/2025/01/Termine-Fyler-150-Jahre-768x392.png 768w, https://www.ffwschwebheim.de/wp-content/uploads/2025/01/Termine-Fyler-150-Jahre-500x255.png 500w, https://www.ffwschwebheim.de/wp-content/uploads/2025/01/Termine-Fyler-150-Jahre.png 1200w" sizes="(max-width: 1024px) 100vw, 1024px" /></figure>



<figure class="wp-block-image size-large"><img decoding="async" loading="lazy" width="1024" height="724" src="https://www.ffwschwebheim.de/wp-content/uploads/2025/04/dj-jordan-x-mike-1024x724.png" alt="" class="wp-image-9496" srcset="https://www.ffwschwebheim.de/wp-content/uploads/2025/04/dj-jordan-x-mike-1024x724.png 1024w, https://www.ffwschwebheim.de/wp-content/uploads/2025/04/dj-jordan-x-mike-300x212.png 300w, https://www.ffwschwebheim.de/wp-content/uploads/2025/04/dj-jordan-x-mike-768x543.png 768w, https://www.ffwschwebheim.de/wp-content/uploads/2025/04/dj-jordan-x-mike-425x300.png 425w, https://www.ffwschwebheim.de/wp-content/uploads/2025/04/dj-jordan-x-mike.png 1200w" sizes="(max-width: 1024px) 100vw, 1024px" /></figure>



<figure class="wp-block-image size-full is-resized"><img decoding="async" loading="lazy" src="https://www.ffwschwebheim.de/wp-content/uploads/2025/04/frankenraeuber-logo.png" alt="" class="wp-image-9494" width="525" height="410" srcset="https://www.ffwschwebheim.de/wp-content/uploads/2025/04/frankenraeuber-logo.png 908w, https://www.ffwschwebheim.de/wp-content/uploads/2025/04/frankenraeuber-logo-300x234.png 300w, https://www.ffwschwebheim.de/wp-content/uploads/2025/04/frankenraeuber-logo-768x598.png 768w, https://www.ffwschwebheim.de/wp-content/uploads/2025/04/frankenraeuber-logo-385x300.png 385w" sizes="(max-width: 525px) 100vw, 525px" /></figure>



<figure class="wp-block-image size-full is-resized"><img decoding="async" loading="lazy" src="https://www.ffwschwebheim.de/wp-content/uploads/2025/04/overdrive-logo.png" alt="" class="wp-image-9495" width="517" height="337" srcset="https://www.ffwschwebheim.de/wp-content/uploads/2025/04/overdrive-logo.png 852w, https://www.ffwschwebheim.de/wp-content/uploads/2025/04/overdrive-logo-300x196.png 300w, https://www.ffwschwebheim.de/wp-content/uploads/2025/04/overdrive-logo-768x501.png 768w, https://www.ffwschwebheim.de/wp-content/uploads/2025/04/overdrive-logo-460x300.png 460w" sizes="(max-width: 517px) 100vw, 517px" /></figure>


<p style="text-align: left;">Anlässlich unseres 150-Jährigen Jubiläums veranstalten wir ein <strong>abwechslungsreiches</strong> <strong>Festwochenende</strong> im Festzelt mit spannenden Programmpunkten<strong> für die ganze Familie</strong>!</p>
<p style="text-align: left;">Wir starten am Donnerstag um 16 Uhr mit unsrem Festbetrieb. Für ausreichend Speiß und Trank ist dort bereits bestens gesorgt. Weiter geht es am Abend mit einem Auftritt des <strong>DJ Mike</strong> und DJ Jordan in unserem Festzelt um 21 Uhr, welche euch bis um 02 Uhr das Tanzbein schwingen lassen.</p>
<p style="text-align: left;">Am Freitag beginnt der Festbetrieb um 18 Uhr und mündet als Highlight mit einem <strong>Auftritt der &#8222;Frankenräuber&#8220;</strong> bei uns im Festzelt wetterunabhängig um 20 Uhr! Passend dazu könnt ihr in unserer Bar hinter der Bühne mit sowohl alkoholischen, als auch alkoholfreien feurigen Getränken perfekt in das erste Maiwochenende starten.</p>
<p style="text-align: left;">Der Samstag beginnt mit einem großen Festumzug um 14.30 Uhr durch Schwebheim, welcher am Festgelände münden wird. Anschließend beginnen wir unser Wochenende mit dem traditionellen Festakt, einem <strong>vielfältigen Kinderprogramm</strong>, gestaltet durch die Jugendfeuerwehr. Ebenso gibt es auf dem Gelände eine große <strong>Fahrzeugausstellung</strong> vieler Hilfsorganisationen, stündliche <strong>Führungen durch das neue Feuerwehrgerätehaus</strong> und natürlich Essen, Trinken und Musik. Das Ende unseres Festes wird durch die musikalische Unterhaltung der Band <strong>&#8222;Overdrive&#8220;</strong> ab 20 Uhr eingeleitet, welche euch mit rockigen Songs, guter Stimmung und viel Party das Fest in sehr guter Erinnerung behalten lassen 😉 </p>
<p style="text-align: left;">Am Sonntag lässt unser Pfarrer Tobias Wölfel das Festwochenende mit einem Gottesdienst am neuen Feuerwehrhaus um 10.30Uhr ausklingen und weiht das neue Feuerwehrhaus ein. Für die Gottesdienstbesucher gibt es im Anschluss ein Weißwurstfrühstück.</p>
<p style="text-align: center;"><strong>Wir freuen uns auf euch!</strong></p>


<div class="is-layout-constrained wp-block-group"><div class="wp-block-group__inner-container"></div></div>



<figure class="wp-block-image"><img alt=""/></figure>



<figure class="wp-block-image"><img alt=""/></figure>



<figure class="wp-block-image"><img alt=""/></figure>



<figure class="wp-block-image"><img alt=""/></figure>



<figure class="wp-block-image"><img alt=""/></figure>



<figure class="wp-block-image"><img alt=""/></figure>

<p>150 Jähriges Jubiläum und Einweihung des neuen Feuerwehrhauses 01.05.2025 &#8211; 03.05.2025 Anlässlich unseres 150-Jährigen Jubiläums veranstalten wir ein abwechslungsreiches Festwochenende im Festzelt mit spannenden Programmpunkten für die ganze Familie! Wir starten am Donnerstag um 16 Uhr mit unsrem Festbetrieb. Für &hellip; <a href="https://www.ffwschwebheim.de/?page_id=9440">Weiterlesen <span class="meta-nav">&rarr;</span></a></p>
