{"id":2030,"date":"2012-12-09T10:39:59","date_gmt":"2012-12-09T10:39:59","guid":{"rendered":"http:\/\/www.ffwschwebheim.de\/?page_id=2030"},"modified":"2026-04-03T22:49:19","modified_gmt":"2026-04-03T20:49:19","slug":"funktionstrager-feuerwehrverein","status":"publish","type":"page","link":"https:\/\/www.ffwschwebheim.de\/?page_id=2030","title":{"rendered":"Funktionstr\u00e4ger Feuerwehrverein"},"content":{"rendered":"<table class=\"aligncenter\" border=\"0\" align=\"center\">\n<tbody>\n<tr style=\"height: 30px;\">\n<td style=\"background-color: #808080; width: 400px; border: 0px solid #808080;\" align=\"center\"><\/td>\n<td style=\"width: 100px; border-width: 0px; border-style: solid;\"><\/td>\n<td style=\"background-color: #808080; width: 400px; border: 0px solid #808080;\"><\/td>\n<\/tr>\n<tr>\n<td style=\"background-color: #dcdcdc; text-align: left;\" align=\"center\">\n<p style=\"text-align: center;\"><strong><a href=\"https:\/\/www.ffwschwebheim.de\/?attachment_id=9595\"><img decoding=\"async\" loading=\"lazy\" class=\"aligncenter wp-image-9595 size-thumbnail\" title=\"Martin Mai\u00df\" src=\"http:\/\/www.ffwschwebheim.de\/wp-content\/uploads\/2026\/03\/IMG_7487-150x150.jpeg\" alt=\"\" width=\"150\" height=\"150\" \/><\/a>1.Vorsitzender<\/strong><br \/>\n<span style=\"font-size: medium;\">Max Wallinger<\/span><\/p>\n<\/td>\n<td style=\"border: 0px solid #ffffff;\"><\/td>\n<td style=\"background-color: #dcdcdc; text-align: left;\" align=\"center\">\n<p style=\"text-align: center;\"><strong><a href=\"https:\/\/www.ffwschwebheim.de\/?attachment_id=9596\"><img decoding=\"async\" loading=\"lazy\" class=\"aligncenter wp-image-9596 size-thumbnail\" title=\"Max Wallinger\" src=\"http:\/\/www.ffwschwebheim.de\/wp-content\/uploads\/2026\/03\/IMG_7480-150x150.jpeg\" alt=\"\" width=\"150\" height=\"150\" \/><\/a>2.Vorsitzender<\/strong><br \/>\n<span style=\"font-size: medium;\"><span style=\"line-height: 26px;\">Michael M\u00fcller<\/span><\/span><\/p>\n<\/td>\n<\/tr>\n<tr style=\"height: 100px;\">\n<td style=\"border: 0px solid #ffffff;\"><\/td>\n<td style=\"border: 0px solid #ffffff;\"><\/td>\n<td style=\"border: 0px solid #ffffff;\"><\/td>\n<\/tr>\n<tr style=\"height: 30px;\">\n<td style=\"background-color: #808080;\"><\/td>\n<td style=\"border: 0px solid #ffffff;\"><\/td>\n<td style=\"background-color: #808080;\"><\/td>\n<\/tr>\n<tr>\n<td style=\"background-color: #dcdcdc; text-align: left;\" align=\"center\">\n<p style=\"text-align: center;\"><strong><a href=\"http:\/\/www.ffwschwebheim.de\/?attachment_id=5769\" rel=\"attachment wp-att-5769\"><img decoding=\"async\" loading=\"lazy\" class=\"aligncenter size-thumbnail wp-image-5769\" title=\"Michael Schubert\" src=\"http:\/\/www.ffwschwebheim.de\/wp-content\/uploads\/2016\/10\/Michael-Schubert-150x150.jpg\" alt=\"\" width=\"150\" height=\"150\" \/><\/a>Kassenwart<\/strong><br \/>\n<span style=\"font-size: medium;\">Michael Schubert<\/span><\/p>\n<\/td>\n<td style=\"border: 0px solid #ffffff;\"><\/td>\n<td style=\"background-color: #dcdcdc; text-align: left;\" align=\"center\">\n<p style=\"text-align: center;\"><strong>Schriftf\u00fchrer<\/strong><br \/>\n<span style=\"font-size: medium;\">Steffen Geier<\/span><\/p>\n<\/td>\n<\/tr>\n<tr style=\"height: 100px;\">\n<td style=\"border: 0px solid #ffffff;\"><\/td>\n<td style=\"border: 0px solid #ffffff;\"><\/td>\n<td style=\"border: 0px solid #ffffff;\"><\/td>\n<\/tr>\n<tr style=\"height: 30px;\">\n<td style=\"background-color: #808080;\"><\/td>\n<td style=\"border: 0px solid #ffffff;\"><\/td>\n<td style=\"background-color: #808080;\"><\/td>\n<\/tr>\n<tr>\n<td style=\"background-color: #dcdcdc;\" align=\"center\">\n<p style=\"text-align: center;\"><strong><a href=\"http:\/\/www.ffwschwebheim.de\/?attachment_id=6971\" rel=\"attachment wp-att-6971\"><img decoding=\"async\" loading=\"lazy\" class=\"aligncenter size-thumbnail wp-image-6971\" title=\"Horst Sch\u00e4fer\" src=\"http:\/\/www.ffwschwebheim.de\/wp-content\/uploads\/2018\/01\/Horst-Sch\u00e4fer-150x150.jpg\" alt=\"\" width=\"150\" height=\"150\" \/><\/a><strong>Kassenpr\u00fcfer<\/strong><br \/>\n<\/strong><span style=\"font-size: medium;\">Horst Sch\u00e4fer<\/span><\/p>\n<\/td>\n<td style=\"border: 0px solid #ffffff;\"><\/td>\n<td style=\"background-color: #dcdcdc;\" align=\"center\">\n<p style=\"text-align: center;\"><strong><a href=\"http:\/\/www.ffwschwebheim.de\/?attachment_id=6976\" rel=\"attachment wp-att-6976\"><img decoding=\"async\" loading=\"lazy\" class=\"aligncenter size-thumbnail wp-image-6976\" title=\"Wilfried Schneider\" src=\"http:\/\/www.ffwschwebheim.de\/wp-content\/uploads\/2018\/01\/Wilfried-Schneider-150x150.jpg\" alt=\"\" width=\"150\" height=\"150\" \/><\/a><strong>Kassenpr\u00fcfer<\/strong><br \/>\n<\/strong><span style=\"font-size: medium;\">Wilfried Schneider<\/span><\/p>\n<\/td>\n<\/tr>\n<tr style=\"height: 100px;\">\n<td style=\"border: 0px solid #ffffff;\"><\/td>\n<td style=\"border: 0px solid #ffffff;\"><\/td>\n<td style=\"border: 0px solid #ffffff;\"><\/td>\n<\/tr>\n<\/tbody>\n<\/table>\n","protected":false},"excerpt":{"rendered":"<p>1.Vorsitzender Max Wallinger 2.Vorsitzender Michael M\u00fcller Kassenwart Michael Schubert Schriftf\u00fchrer Steffen Geier Kassenpr\u00fcfer Horst Sch\u00e4fer Kassenpr\u00fcfer Wilfried Schneider<\/p>\n","protected":false},"author":3,"featured_media":0,"parent":0,"menu_order":0,"comment_status":"closed","ping_status":"open","template":"","meta":[],"_links":{"self":[{"href":"https:\/\/www.ffwschwebheim.de\/index.php?rest_route=\/wp\/v2\/pages\/2030"}],"collection":[{"href":"https:\/\/www.ffwschwebheim.de\/index.php?rest_route=\/wp\/v2\/pages"}],"about":[{"href":"https:\/\/www.ffwschwebheim.de\/index.php?rest_route=\/wp\/v2\/types\/page"}],"author":[{"embeddable":true,"href":"https:\/\/www.ffwschwebheim.de\/index.php?rest_route=\/wp\/v2\/users\/3"}],"replies":[{"embeddable":true,"href":"https:\/\/www.ffwschwebheim.de\/index.php?rest_route=%2Fwp%2Fv2%2Fcomments&post=2030"}],"version-history":[{"count":36,"href":"https:\/\/www.ffwschwebheim.de\/index.php?rest_route=\/wp\/v2\/pages\/2030\/revisions"}],"predecessor-version":[{"id":9598,"href":"https:\/\/www.ffwschwebheim.de\/index.php?rest_route=\/wp\/v2\/pages\/2030\/revisions\/9598"}],"wp:attachment":[{"href":"https:\/\/www.ffwschwebheim.de\/index.php?rest_route=%2Fwp%2Fv2%2Fmedia&parent=2030"}],"curies":[{"name":"wp","href":"https:\/\/api.w.org\/{rel}","templated":true}]}}