{"id":1914,"date":"2012-11-25T17:54:52","date_gmt":"2012-11-25T17:54:52","guid":{"rendered":"http:\/\/www.ffwschwebheim.de\/?page_id=1914"},"modified":"2026-04-03T16:15:49","modified_gmt":"2026-04-03T14:15:49","slug":"die-aktive-wehr","status":"publish","type":"page","link":"http:\/\/www.ffwschwebheim.de\/?page_id=1914","title":{"rendered":"Die aktive Wehr"},"content":{"rendered":"<p><img decoding=\"async\" loading=\"lazy\" class=\"aligncenter wp-image-9691 size-full\" title=\"16265698_1318640574823618_142496855130068251_n\" src=\"http:\/\/www.ffwschwebheim.de\/wp-content\/uploads\/2026\/04\/FDC7DF29-AEE2-4D2C-9CCD-E82633FD59A7_1_102_a.jpeg\" alt=\"\" width=\"1200\" height=\"580\" srcset=\"http:\/\/www.ffwschwebheim.de\/wp-content\/uploads\/2026\/04\/FDC7DF29-AEE2-4D2C-9CCD-E82633FD59A7_1_102_a.jpeg 1200w, http:\/\/www.ffwschwebheim.de\/wp-content\/uploads\/2026\/04\/FDC7DF29-AEE2-4D2C-9CCD-E82633FD59A7_1_102_a-300x145.jpeg 300w, http:\/\/www.ffwschwebheim.de\/wp-content\/uploads\/2026\/04\/FDC7DF29-AEE2-4D2C-9CCD-E82633FD59A7_1_102_a-1024x495.jpeg 1024w, http:\/\/www.ffwschwebheim.de\/wp-content\/uploads\/2026\/04\/FDC7DF29-AEE2-4D2C-9CCD-E82633FD59A7_1_102_a-768x371.jpeg 768w, http:\/\/www.ffwschwebheim.de\/wp-content\/uploads\/2026\/04\/FDC7DF29-AEE2-4D2C-9CCD-E82633FD59A7_1_102_a-500x242.jpeg 500w\" sizes=\"(max-width: 1200px) 100vw, 1200px\" \/><\/p>\n<p><strong>Gr\u00fcndung<\/strong><\/p>\n<p>Durch die Initiative von Reinhold von Bibra und 25 Schwebheimer B\u00fcrgern wurde im Gasthaus B\u00fcchler (heutiges Goldenes Lamm) in einer konstituierenden Versammlung am 16. M\u00e4rz 1873 die Freiwillige Feuerwehr Schwebheim gegr\u00fcndet. B\u00fcrgermeister Georg Ro\u00dfteuscher wurde zum 1. Vorstand gew\u00e4hlt.<\/p>\n<p><strong>Aufgaben\u00a0<\/strong><\/p>\n<p>Als \u00f6ffentliche Einrichtung der Gemeinde Schwebheim sind die Aufgaben der aktiven Feuerwehr der Abwehrende Brandschutz und der Technische Hilfdienst. Die aktive Feuerwehr ist dar\u00fcberhinaus verpflichtet Sicherheitswachen zu stellen, wenn dies von der Gemeinde angeordnet wird.<\/p>\n<p>Die Aufgaben der aktiven Feuerwehr sind im <a title=\"Bayerischem Feuerwehrgesetz (BayFwG)\" href=\"http:\/\/www.gesetze-bayern.de\/jportal\/portal\/page\/bsbayprod.psml?showdoccase=1&amp;doc.id=jlr-FeuerwGBYrahmen&amp;doc.part=X&amp;doc.origin=bs&amp;st=lr\" target=\"_blank\" rel=\"noopener\">Bayerischem Feuerwehrgesetz (BayFwG)<\/a> geregelt.<\/p>\n","protected":false},"excerpt":{"rendered":"<p>Gr\u00fcndung Durch die Initiative von Reinhold von Bibra und 25 Schwebheimer B\u00fcrgern wurde im Gasthaus B\u00fcchler (heutiges Goldenes Lamm) in einer konstituierenden Versammlung am 16. M\u00e4rz 1873 die Freiwillige Feuerwehr Schwebheim gegr\u00fcndet. B\u00fcrgermeister Georg Ro\u00dfteuscher wurde zum 1. Vorstand gew\u00e4hlt. &hellip; <a href=\"http:\/\/www.ffwschwebheim.de\/?page_id=1914\">Weiterlesen <span class=\"meta-nav\">&rarr;<\/span><\/a><\/p>\n","protected":false},"author":3,"featured_media":0,"parent":0,"menu_order":0,"comment_status":"closed","ping_status":"open","template":"","meta":[],"_links":{"self":[{"href":"http:\/\/www.ffwschwebheim.de\/index.php?rest_route=\/wp\/v2\/pages\/1914"}],"collection":[{"href":"http:\/\/www.ffwschwebheim.de\/index.php?rest_route=\/wp\/v2\/pages"}],"about":[{"href":"http:\/\/www.ffwschwebheim.de\/index.php?rest_route=\/wp\/v2\/types\/page"}],"author":[{"embeddable":true,"href":"http:\/\/www.ffwschwebheim.de\/index.php?rest_route=\/wp\/v2\/users\/3"}],"replies":[{"embeddable":true,"href":"http:\/\/www.ffwschwebheim.de\/index.php?rest_route=%2Fwp%2Fv2%2Fcomments&post=1914"}],"version-history":[{"count":7,"href":"http:\/\/www.ffwschwebheim.de\/index.php?rest_route=\/wp\/v2\/pages\/1914\/revisions"}],"predecessor-version":[{"id":9693,"href":"http:\/\/www.ffwschwebheim.de\/index.php?rest_route=\/wp\/v2\/pages\/1914\/revisions\/9693"}],"wp:attachment":[{"href":"http:\/\/www.ffwschwebheim.de\/index.php?rest_route=%2Fwp%2Fv2%2Fmedia&parent=1914"}],"curies":[{"name":"wp","href":"https:\/\/api.w.org\/{rel}","templated":true}]}}

<p><img decoding="async" loading="lazy" class="aligncenter wp-image-9691 size-full" title="16265698_1318640574823618_142496855130068251_n" src="http://www.ffwschwebheim.de/wp-content/uploads/2026/04/FDC7DF29-AEE2-4D2C-9CCD-E82633FD59A7_1_102_a.jpeg" alt="" width="1200" height="580" srcset="http://www.ffwschwebheim.de/wp-content/uploads/2026/04/FDC7DF29-AEE2-4D2C-9CCD-E82633FD59A7_1_102_a.jpeg 1200w, http://www.ffwschwebheim.de/wp-content/uploads/2026/04/FDC7DF29-AEE2-4D2C-9CCD-E82633FD59A7_1_102_a-300x145.jpeg 300w, http://www.ffwschwebheim.de/wp-content/uploads/2026/04/FDC7DF29-AEE2-4D2C-9CCD-E82633FD59A7_1_102_a-1024x495.jpeg 1024w, http://www.ffwschwebheim.de/wp-content/uploads/2026/04/FDC7DF29-AEE2-4D2C-9CCD-E82633FD59A7_1_102_a-768x371.jpeg 768w, http://www.ffwschwebheim.de/wp-content/uploads/2026/04/FDC7DF29-AEE2-4D2C-9CCD-E82633FD59A7_1_102_a-500x242.jpeg 500w" sizes="(max-width: 1200px) 100vw, 1200px" /></p>
<p><strong>Gründung</strong></p>
<p>Durch die Initiative von Reinhold von Bibra und 25 Schwebheimer Bürgern wurde im Gasthaus Büchler (heutiges Goldenes Lamm) in einer konstituierenden Versammlung am 16. März 1873 die Freiwillige Feuerwehr Schwebheim gegründet. Bürgermeister Georg Roßteuscher wurde zum 1. Vorstand gewählt.</p>
<p><strong>Aufgaben </strong></p>
<p>Als öffentliche Einrichtung der Gemeinde Schwebheim sind die Aufgaben der aktiven Feuerwehr der Abwehrende Brandschutz und der Technische Hilfdienst. Die aktive Feuerwehr ist darüberhinaus verpflichtet Sicherheitswachen zu stellen, wenn dies von der Gemeinde angeordnet wird.</p>
<p>Die Aufgaben der aktiven Feuerwehr sind im <a title="Bayerischem Feuerwehrgesetz (BayFwG)" href="http://www.gesetze-bayern.de/jportal/portal/page/bsbayprod.psml?showdoccase=1&amp;doc.id=jlr-FeuerwGBYrahmen&amp;doc.part=X&amp;doc.origin=bs&amp;st=lr" target="_blank" rel="noopener">Bayerischem Feuerwehrgesetz (BayFwG)</a> geregelt.</p>

<p>Gründung Durch die Initiative von Reinhold von Bibra und 25 Schwebheimer Bürgern wurde im Gasthaus Büchler (heutiges Goldenes Lamm) in einer konstituierenden Versammlung am 16. März 1873 die Freiwillige Feuerwehr Schwebheim gegründet. Bürgermeister Georg Roßteuscher wurde zum 1. Vorstand gewählt. &hellip; <a href="http://www.ffwschwebheim.de/?page_id=1914">Weiterlesen <span class="meta-nav">&rarr;</span></a></p>
